f y(d)?
4
Let r(z) = z + 4. Let v be r(-8). Let q be v/((2 - 4)/(-12)). Let k = q + 43. What is the units digit of k?
9
Let n(g) = -3*g - 1. Let h(v) = -v**2 - 4*v + 2. Let o be h(-4). Let m be (o/(-3))/(2/12). What is the units digit of n(m)?
1
Suppose -2*j - 5*m = 2 - 56, 0 = 2*m. Suppose 0*q = 5*y - 3*q - 41, 0 = -3*y + q + j. What is the tens digit of y?
1
What is the tens digit of 2*(-5)/10 - -285?
8
Let l(r) = -r - 5. Let o be l(-7). Suppose -2*w = o*w - 4. What is the units digit of w?
1
Let l be (-6)/(-18) - (-4)/6. Let p(o) = 12*o**3 + 1. What is the tens digit of p(l)?
1
Let b(s) = 66*s**3 + s**2 - s - 1. What is the units digit of b(1)?
5
Suppose -f + 7 = -5*q, q + 4 = 2*f - 1. Suppose -5*w = -83 - f. What is the tens digit of w?
1
Let a(l) be the second derivative of -2*l + 1/2*l**3 + 0 - 1/2*l**2. What is the units digit of a(3)?
8
Suppose 4*m - 2*m - 3*w = 9, 1 = 2*m + 5*w. Let j(z) = -m - z + 6 + 4. What is the units digit of j(0)?
7
Suppose 90 = 5*k + 4*r, 2*r - 3*r + 61 = 3*k. Suppose 0 = 4*y - 3*y - k. What is the units digit of y?
2
Let s = 280 + -184. What is the units digit of s?
6
Suppose -5*b + 66 = -3*b. What is the tens digit of b?
3
Suppose 5*r = 3*r + 8. Suppose -u - 5*b + 23 = -0*b, -2*b = 3*u - r. Let v = 3 - u. What is the units digit of v?
5
Let m be (8/(-6))/((-1)/3). Let b(k) = 7*k**2 - 6*k + 3 - 3*k**2 - 1 - m*k**3 + 5*k**3. What is the units digit of b(-5)?
7
Let q(t) = -t + 8. Let s be q(5). Suppose s*b - 9 = 12. Let x = b - 4. What is the units digit of x?
3
Let a(o) be the first derivative of 2*o**3/3 + o**2/2 + o - 1. What is the units digit of a(-2)?
7
Suppose -5 - 1 = 3*q. What is the units digit of (-3)/(-1*3) - q?
3
What is the units digit of 6/9 + 206/6?
5
Suppose 3*l - 428 = -4*t, -3*t + 5*l + 460 = t. What is the units digit of t?
0
Let u(b) = 2*b**3 - 8*b**2 + 6*b - 9. What is the units digit of u(5)?
1
Let o(r) = r**2 - 4*r. Let w be o(4). What is the tens digit of w*(-1)/3 + 10?
1
Let x = 23 - -56. What is the tens digit of x?
7
Suppose -5*a + 4*b + 139 = 0, -5*b = a - 3*b - 25. Suppose -8*s + a = -7*s. What is the units digit of s?
7
Let q = 96 - 60. What is the units digit of q?
6
Suppose -l + 6 = -3*o + 1, -52 = -4*l - 4*o. Let h be (-1)/2 + 26/4. Let t = l - h. What is the units digit of t?
5
Let b(y) = -2*y**3 - y**2 + 3*y - 3. Let a be b(2). Suppose -5*i + 27 + 138 = 0. Let p = i + a. What is the units digit of p?
6
Let r(m) = m - 3. Let c be r(-6). What is the units digit of 2/c + 47/9?
5
Let q = 12 + -9. What is the units digit of 2 + (-1)/(q/(-3))?
3
Suppose -3*h + 8 + 4 = 0. Suppose -h*y - x + 44 = x, -5*y + 55 = -3*x. What is the units digit of y?
1
Let b be (24/(-9))/((-2)/3). Let r be (-51)/6 - 2/b. Let v(s) = -s**2 - 11*s - 11. What is the units digit of v(r)?
7
Let a(f) = -2*f**2 + 50*f + 29. What is the units digit of a(23)?
1
Let x = -32 + 110. What is the units digit of x?
8
Let v(k) = 3*k - 4. Let b be v(3). Suppose b*m = m. Let c(n) = -n + 7. What is the units digit of c(m)?
7
Let o = 4 - 1. Suppose 6*j - 18 = o*j. Let u(t) = t + 1. What is the units digit of u(j)?
7
Let t = 18 - 60. Let b = t + 86. What is the tens digit of b?
4
Suppose 4*w + 2*s = 6, w + 4*s = 3*s. Suppose -6 = -0*v - 2*v, w*v - 19 = -2*l. Suppose 25 = -5*i, 0*o + l*o - i - 50 = 0. What is the units digit of o?
9
Let m be 20/3*(-2 - -5). Let d be (2 + -3)/((-4)/m). Suppose 0*f - d*v + 37 = f, -21 = -3*f + 3*v. What is the units digit of f?
2
Let m = 19 + -2. What is the tens digit of m?
1
Let x = 4 + 0. Suppose -2*u + x = 2*u. Suppose 2*r - 12 = -2*q, 0 = -q + u. What is the units digit of r?
5
Let z(v) = -v**2 - 3*v - 2. Let r be z(-2). Suppose 0*p + 4*p - 120 = r. What is the tens digit of p?
3
Let k = 3 + 5. Suppose k*p = 5*p + 72. What is the units digit of p?
4
Suppose 2*j - 11*j = -972. What is the hundreds digit of j?
1
Let b(d) = -4*d**3 + 1 - d**3 - 10*d + 9*d**2 + 3*d**3 + d**3. What is the tens digit of b(7)?
2
Let g = 12 + -10. Suppose p = -g, 0 = -t - 0*t - 2*p + 17. What is the units digit of t?
1
Let z = -10 - -22. Let o = z + -6. Let a = o + -4. What is the units digit of a?
2
Let u(o) be the first derivative of o**4/4 + 7*o**3/3 - 5*o**2 - 7*o + 3. What is the units digit of u(-8)?
9
Let f = 112 - 12. What is the tens digit of f?
0
Let a = 17 + -15. Suppose -4*i = -26 + a. What is the units digit of i?
6
Let b = -871 - -1312. What is the tens digit of b?
4
Let q = 34 - 22. What is the tens digit of q?
1
Suppose -5*v = -5, 0*k + v = -3*k + 199. What is the units digit of k?
6
Let f = 3 + -4. Let j be (-42)/18 + f/(-3). Let y = j + 8. What is the units digit of y?
6
Let r be (3/1)/(6/4). Suppose 4 + r = t. What is the units digit of t?
6
Let j(c) = c**3 - 6*c**2 + 7*c - 7. Let p be j(5). Suppose 0 = p*x - x - 6. Suppose 60 = x*t - 6*o + o, -4*o = 4*t - 48. What is the tens digit of t?
1
Suppose 3*y + 4*o = 2*y - 16, o + 4 = -5*y. Suppose 4*x + 12 = 3*x - 5*m, -4 = -3*x + 5*m. What is the units digit of 17 + (-3 - y - x)?
6
Suppose -5*t + 39 = -76. Let h = t - 35. Let n = -2 - h. What is the tens digit of n?
1
Let t(c) = -c**2 + 3. Let z be t(0). Suppose z*k = -k + 4. What is the units digit of k?
1
Let o = 4 + 0. Suppose -g - 5*d + 34 = -17, o*g - 204 = -2*d. What is the units digit of g?
1
Suppose 4*k - 394 = k - d, k - 3*d = 138. Suppose -k + 4 = -4*j. What is the units digit of j?
2
Let z = -2 + 8. Suppose 3*i - 28 = -c, 3*c + 0*c + z = 0. What is the units digit of i?
0
Suppose 3*q + 2*q - 195 = 0. What is the units digit of q?
9
Let b(h) = -3*h**2 + 45*h - 2. What is the units digit of b(12)?
6
Suppose -r - 1 = 0, 0 = -i + 4*r + 6 - 0. Suppose 0 = -i*o + 3*b + 1, b + 0*b = 3*o - 5. Suppose 7 = o*f + 5*p, 0 = 5*f - 4*p - 1. What is the units digit of f?
1
Let s(j) = -j**3 + 6*j**3 + j + 2 - 4*j**3 - 4*j**2. Let l be 1*4 - (2 - 2). What is the units digit of s(l)?
6
Let i(l) be the first derivative of l**6/360 + l**5/30 - l**4/6 - 4*l**3/3 + 2. Let v(m) be the third derivative of i(m). What is the units digit of v(-6)?
8
What is the units digit of 1 - -62 - (2 - 4)?
5
Suppose -1 = 2*w + 4*c - 11, -c = -3*w + 22. Suppose -5*h - 90 = 2*v - w*v, 2*h = -5*v + 90. What is the tens digit of v?
1
Let d = 171 - 122. What is the tens digit of d?
4
Let a = 4 - 4. Suppose a = 4*h + 44. Let o = 17 + h. What is the units digit of o?
6
Suppose -2*o - 4*k - 12 = 0, -2*k = -5*k - 9. Suppose -4*v + o*v = -76. What is the tens digit of v?
1
Let h(o) be the first derivative of 2 - 1/3*o**3 + 5/2*o**2 - o. What is the units digit of h(2)?
5
Let p be 0/1 + 15/5. Suppose 0*y - p*y + 15 = 0. Suppose -4*l - y*k + 0 = 6, -5*k - 8 = 2*l. What is the units digit of l?
1
Let h(n) = n**2 - 5*n - 8. Let k be h(8). Suppose -1 = 3*i + 5*u + 10, -2*i - 3*u - 6 = 0. Suppose -k = -i*g + 8. What is the units digit of g?
8
What is the tens digit of (-18)/(-63) + 621/7?
8
Let x(w) = -w**3 + 8*w**2 - 7*w + 2. Let a be x(7). Let n = -3 - -4. What is the units digit of (-2 + n)*a + 12?
0
Suppose 2*p = -2*p - 4*h - 4, 2*p - 3*h = 13. Let c = p - 0. What is the units digit of c - (-5)/(10/16)?
0
Let f(b) = 2*b**2 - 5*b - 4. What is the units digit of f(6)?
8
Suppose -3*n - 271 = -5*x, -2*x + 115 = -5*n - 1. Suppose 0*i + i - 5*f = x, -2*i = -5*f - 81. What is the tens digit of i?
2
Suppose 28 = 5*p - 3*p. Let n = p - 7. What is the units digit of n?
7
Suppose -157 = -2*x - 3*p, 2*x + p = 3*x - 76. What is the units digit of x?
7
Let s(h) be the first derivative of -h**4/4 + h**3/3 - h**2 + 1. What is the tens digit of s(-2)?
1
Let g(r) = -4*r + 6. Let j(k) = -4*k + 5. Let y(s) = 6*g(s) - 7*j(s). Let h be y(3). Suppose 0 = 3*b - 20 - h. What is the tens digit of b?
1
Let v = -4 + 20. What is the units digit of v?
6
Let o(d) = d**2 - 4*d - 2. What is the tens digit of o(-5)?
4
Suppose -4*m - 13 = -3*c, 0 = -0*c + 4*c - 3*m - 8. Let p be c - (0 + 2/1). Let g(x) = -x**3 - 3*x**2 + 2. What is the units digit of g(p)?
2
Let y(f) = 4*f**3 + 4*f**2 - 3*f**3 + 366*f + 3 - 364*f. Let k(u) = u**3 - 6*u**2 + 4*u + 2. Let s be k(5). What is the units digit of y(s)?
6
Let z be (27 + 0)/(21/14). What is the units digit of z - (1 + (1 - 0))?
6
Let o(k) = 11*k**2 + k - 1. Let z be 30/(-24)*(3 + 1). Let h = 6 + z. What is the tens digit of o(h)